{"id":1502,"date":"2026-03-17T15:06:44","date_gmt":"2026-03-17T15:06:44","guid":{"rendered":"https:\/\/roberto.jasnemedia.pl\/?post_type=product&#038;p=1502"},"modified":"2026-03-17T15:06:54","modified_gmt":"2026-03-17T15:06:54","slug":"seysso-basic-dfgdfg","status":"publish","type":"product","link":"https:\/\/roberto.jasnemedia.pl\/?product=seysso-basic-dfgdfg","title":{"rendered":"SEYSSO Basic dfgdfg"},"content":{"rendered":"<h2 class=\"mb-7\">Dlaczego warto wybra\u0107 szczoteczk\u0119 SEYSSO Basic Color Stone Beige?<\/h2>\n<p>SEYSSO Basic Color Stone Beige to przede wszystkim mistrz skuteczno\u015bci. Szczoteczka ma wbudowane trzy tryby pracy, kt\u00f3re dostosuj\u0105 si\u0119 do indywidualnych potrzeb ka\u017cdego u\u017cytkownika. Ruchy soniczne wsparte s\u0105 DCT (Technologia Dynamicznego Czyszczenia), dzi\u0119ki kt\u00f3rej wytwarzane s\u0105 mikrob\u0105belki, umo\u017cliwiaj\u0105ce dotarcie pasty w nawet ci\u0119\u017cko dost\u0119pne szczeliny mi\u0119dzyz\u0119bowe. Ponadto SEYSSO Basic Color wyr\u00f3\u017cnia si\u0119 szczeg\u00f3lnie wytrzyma\u0142ym akumulatorem, kt\u00f3ry gwarantuje do 6 tygodni pracy szczoteczki na jednym \u0142adowaniu przy codziennym u\u017cytkowaniu. W systematyczno\u015bci w piel\u0119gnacji pomo\u017ce wbudowany timer odmierzaj\u0105cy dwie minuty na ka\u017cdym trybie. Minutnik dzia\u0142a interwa\u0142owo, podpowiadaj\u0105c nam kiedy nale\u017cy zmieni\u0107 szczotkowan\u0105 parti\u0119 uz\u0119bienia.<\/p>\n<p>&nbsp;<\/p>\n<p>&nbsp;<\/p>\n","protected":false},"excerpt":{"rendered":"<div class=\"product_name__block --description mb-3\">\n<p>Odkryj urz\u0105dzenie, kt\u00f3re \u0142\u0105czy styl i skuteczno\u015b\u0107. Szczoteczka soniczna SEYSSO Basic Color Stone Beige to podstawa codziennej piel\u0119gnacji, kt\u00f3ra wpasuje si\u0119 we wn\u0119trze \u0142azienki. Trzy tryby pracy zadbaj\u0105 nie tylko o zdrowie Twoich z\u0119b\u00f3w, ale i dzi\u0105se\u0142.<\/p>\n<\/div>\n","protected":false},"featured_media":1499,"comment_status":"open","ping_status":"closed","template":"","meta":[],"product_brand":[],"product_cat":[20],"product_tag":[],"class_list":{"0":"post-1502","1":"product","2":"type-product","3":"status-publish","4":"has-post-thumbnail","6":"product_cat-bez-kategorii","8":"first","9":"instock","10":"shipping-taxable","11":"purchasable","12":"product-type-simple"},"_links":{"self":[{"href":"https:\/\/roberto.jasnemedia.pl\/index.php?rest_route=\/wp\/v2\/product\/1502","targetHints":{"allow":["GET"]}}],"collection":[{"href":"https:\/\/roberto.jasnemedia.pl\/index.php?rest_route=\/wp\/v2\/product"}],"about":[{"href":"https:\/\/roberto.jasnemedia.pl\/index.php?rest_route=\/wp\/v2\/types\/product"}],"replies":[{"embeddable":true,"href":"https:\/\/roberto.jasnemedia.pl\/index.php?rest_route=%2Fwp%2Fv2%2Fcomments&post=1502"}],"wp:featuredmedia":[{"embeddable":true,"href":"https:\/\/roberto.jasnemedia.pl\/index.php?rest_route=\/wp\/v2\/media\/1499"}],"wp:attachment":[{"href":"https:\/\/roberto.jasnemedia.pl\/index.php?rest_route=%2Fwp%2Fv2%2Fmedia&parent=1502"}],"wp:term":[{"taxonomy":"product_brand","embeddable":true,"href":"https:\/\/roberto.jasnemedia.pl\/index.php?rest_route=%2Fwp%2Fv2%2Fproduct_brand&post=1502"},{"taxonomy":"product_cat","embeddable":true,"href":"https:\/\/roberto.jasnemedia.pl\/index.php?rest_route=%2Fwp%2Fv2%2Fproduct_cat&post=1502"},{"taxonomy":"product_tag","embeddable":true,"href":"https:\/\/roberto.jasnemedia.pl\/index.php?rest_route=%2Fwp%2Fv2%2Fproduct_tag&post=1502"}],"curies":[{"name":"wp","href":"https:\/\/api.w.org\/{rel}","templated":true}]}}